 2*q - 3 = 2*r + 7. Let v be r*(-44)/(-3 - 1). Let b = v + 71. List the prime factors of b.
2, 19
Let k = -47 + 46. Let z(o) = 1. Let s(m) = m**2 - 13*m - 5. Let h(v) = k*s(v) - 4*z(v). List the prime factors of h(9).
37
Let a = -127 + 1089. What are the prime factors of a?
2, 13, 37
Let b be (2/17 - 276588/(-884))/1. Suppose -a = 2*a + 513. Let o = a + b. List the prime factors of o.
2, 71
Let z = 7471 - 2378. What are the prime factors of z?
11, 463
Suppose -5*a + 183 = 2*u, -11*u = 4*a - 14*u - 128. What are the prime factors of ((59 + 2)*-1)/((-7)/a)?
5, 61
Let p be (937 - -1)*(-1961)/(-74). List the prime factors of (-4)/(-9) + p/63.
5, 79
What are the prime factors of 13*1 - (380 + -12581)?
2, 31, 197
Let t be (8/6)/((-33)/(-1782)). List the prime factors of 26/(676/(-195))*t/(-10).
2, 3
Let b = -26576 + 41560. List the prime factors of b.
2, 1873
Let c be ((-28)/(-10))/((-7)/(-35)). Suppose s + 486 = 2*s. Suppose -8*z = -c*z + s. What are the prime factors of z?
3
Let g be 8/10 + ((-24)/5 - -6). Suppose g*s - 630 = -2*f - 0*s, -f = -3*s - 295. List the prime factors of f.
2, 5, 31
Let i(y) = -7*y - 30. Suppose -5*h - 451 = 4*q, -4*q - h - 112 = -3*q. Let c = -122 - q. List the prime factors of i(c).
61
Suppose -82*u + 33542 = -80*u + 5*h, 2*u - 5*h - 33522 = 0. What are the prime factors of u?
2, 83, 101
Let y = -420 - -423. What are the prime factors of 1 - (y + -265 - -1)?
2, 131
Let w(f) be the third derivative of -f**5/60 + f**4/12 - f**2. Let j be w(0). Suppose 4*g - 8 = 0, j = d - 3*g - 13 + 3. List the prime factors of d.
2
Let c(k) = -26*k**3 - 22*k**2 - 27*k - 104. List the prime factors of c(-10).
2, 23, 521
List the prime factors of ((-14589)/(-3))/((-300)/(-500)).
5, 1621
Let h be (-6 - (-362)/4)*8. Suppose 2*k - 10*u - h = -8*u, -353 = -k - 2*u. What are the prime factors of k?
7
Suppose -2*v - 12 = s, s + 1 = -2*s + v. Suppose 164*g - 450 = 159*g. What are the prime factors of 7810/g + s/9*-1?
3, 29
Let j(k) = k**3 - 13*k**2 + 15*k - 18. Let h be j(12). Let d be (-2)/6 + (-426)/h. Let z = d + 58. List the prime factors of z.
2, 17
Let y(q) = 20*q**2 + 5*q + 67. Suppose -133 = -47*m + 66*m. What are the prime factors of y(m)?
2, 11, 23
Suppose 4*w - 3*t + 1386 = 0, -w + 3*w = t - 692. Let k = w + 986. What are the prime factors of k?
641
Let z(d) = -d**3 - d**2 - 2*d + 1. Let a be z(-6). Let n(r) = -21*r - 509. Let g be n(-19). Let p = a + g. What are the prime factors of p?
83
Suppose 0 = -k, 56*k - 60*k - 8012 = -4*v. What are the prime factors of v?
2003
Let p(z) be the first derivative of -73*z**2 - 48*z + 47. List the prime factors of p(-5).
2, 11, 31
Suppose -3*s = -8*s. Let c be -2 - 1140/(-9) - (-1)/3. Suppose 12*m - 13*m + c = s. List the prime factors of m.
5
What are the prime factors of 6 - (477/(-9)*73 + 1 + 0)?
2, 13, 149
Suppose 102912 = 3*x + 9*d - 5*d, 0 = -x - 5*d + 34304. What are the prime factors of x?
2, 67
Suppose 0 = -w - 0*w + 3. Suppose 0 = 3*t - 0*t + w*u + 6, -2*t + 3*u + 21 = 0. What are the prime factors of 66/1*8/t?
2, 11
Let f be (-5 - -6)*(2 - 0). Suppose -j = f*j - 9. Suppose -12 = -2*a + 3*u + j, 30 = 5*a - 5*u. List the prime factors of a.
3
Let z(s) = 247*s + 1602. List the prime factors of z(31).
47, 197
Suppose 3*r - w - 40740 - 20615 = 0, 3*w = -6. What are the prime factors of r?
3, 17, 401
Let d be ((-66)/(-18) - 4) + 26/6. Let s be 71/d*(15 - 11). Suppose -5*j = -i - 309 - s, -j = i - 70. List the prime factors of j.
3, 5
Suppose 17783 = 2*h + 3*y, -4*h + 27441 = y - 8140. List the prime factors of h.
2, 139
Let q(i) = 2*i**3 - 2*i**2 - 7*i + 8. Let n be q(5). Suppose 0 = n*t - 201*t + 10276. List the prime factors of t.
367
Suppose -1623 = -17*z + 18*z + 3*t, -2*t - 4890 = 3*z. Let y = z + 2427. List the prime factors of y.
3, 5, 53
Let v = 65 + -37. Suppose -5*d = -j + 3*j + 50, 0 = -j - 4*d - v. Let q = j - -56. What are the prime factors of q?
2, 3
Suppose 0 = -g + 2*c - 148, 2*g + 3*c + 404 = 115. Let p be 8/(-12)*1914/(-4). Let l = g + p. What are the prime factors of l?
173
Let l = -183 - 127. Let p = 431 - l. What are the prime factors of p?
3, 13, 19
Suppose -t = -5 - 76. Suppose 0 = 7*r - 10 - t. Suppose -r*b + 580 = -9*b. What are the prime factors of b?
5, 29
Let r(l) = -7*l - 1. Let g be r(-3). Let i(o) = 3*o**2 - 28*o - 9. What are the prime factors of i(g)?
631
Suppose 0 = -8*k + 7 + 9. Let x be (1/k)/(15/(-330)). Let g = 62 + x. What are the prime factors of g?
3, 17
Let f(c) = 100*c + 422. List the prime factors of f(5).
2, 461
Suppose 74 = -6*x + 8*x. Suppose -m + 286 + x = 0. Suppose -c - 2*q = -5*q - 103, -3*c = -2*q - m. List the prime factors of c.
109
Suppose -s = -2 + 1. Let q(k) = -62*k - 192. Let t be q(-4). Let x = s + t. List the prime factors of x.
3, 19
Suppose -545*n = -543*n - 16. Suppose 0 = -n*y + 541 + 1779. List the prime factors of y.
2, 5, 29
Let q(o) = -11*o + 78*o**3 + 1 + 17*o - 6*o. Let j(h) = -390*h**3 - h**2 + h - 6. Let w(r) = 2*j(r) + 11*q(r). What are the prime factors of w(1)?
7, 11
Let c be -6 + 12 + (-1180)/(-5). Suppose -c = 2*n - 1042. What are the prime factors of n?
2, 5
Let w = 5736 - 3840. Let d = -919 + w. List the prime factors of d.
977
Let p be 19233/3 - (-8 - -6). Let v = -4327 + p. Suppose 0 = 17*t - v - 73. What are the prime factors of t?
127
Suppose -148 - 2 = -2*m. Suppose 0 = r - 5*z - 232, 0 = 5*r + 2*z + 3*z - 1310. Suppose m = 4*b + q - 136, -5*b + q = -r. What are the prime factors of b?
2, 13
Suppose 5*k = -2*f + 84815, -k + 10*f + 6*f = -17045. List the prime factors of k.
3, 5, 13, 29
Suppose 5*h + 5*w + 470 = 0, -h - 4*w - 35 = 44. Let u = 797 + h. What are the prime factors of u?
2, 349
Let m(b) = 11*b - 7. Let g be m(1). Suppose s + 2 = 0, 3*s - g*s + 617 = x. What are the prime factors of x?
619
Let r(j) = -7118*j - 588. List the prime factors of r(-6).
2, 3, 5, 13
Suppose -j = -3*v - 39, -156 = -8*j + 4*j + v. Let a(d) = 6*d**2 - 11*d + 1. Let g be a(3). Let m = j + g. What are the prime factors of m?
61
Let i = -236 - -237. List the prime factors of i/2*(2 - -1152).
577
Suppose 0 = -l - 1 + 4. Let h(y) = 6*y - 13. Let x be h(l). Suppose 0 = -x*u + 194 - 24. List the prime factors of u.
2, 17
Let n be 1/(-1)*(0 + (-20)/(-4)). What are the prime factors of ((-5572)/(-70))/((-1)/n)?
2, 199
Suppose -20*d = 21*d. Suppose d = 4*y + 2*b - 2720, 4*b - 2*b = 3*y - 2026. What are the prime factors of y?
2, 3, 113
Suppose 6*y = -10*y - 13856. Let s = -617 - y. What are the prime factors of s?
3, 83
Let n(d) = -d**3 - 3*d**2 - 2*d - 2. Let s be n(-3). What are the prime factors of s/30 - (-16368)/90?
2, 7, 13
Suppose 1360 = 2*o - 4*b - 3672, -o - b = -2507. List the prime factors of o.
2, 5, 251
Suppose -5*j + 2*t + 12 = 0, 5*j + t - 32 = -2*t. Let o = -10950 + 10952. List the prime factors of (181 + -29)*o/j.
2, 19
Let w be 11/((-77)/(-1162))*17/(-2). Let b = w + 2001. List the prime factors of b.
2, 5, 59
Let c(a) = -a**3 - 9*a**2 + 17*a + 84. Let j be c(-10). Let x(o) = o**3 - 6*o**2 + 21*o - 3. What are the prime factors of x(j)?
11, 13
Suppose 58*c + 376373 = 1142611. What are the prime factors of c?
11, 1201
Let v = -455 + 453. What are the prime factors of v/56*4*-2317?
331
List the prime factors of 0 - (-677 - (-4 - 4)).
3, 223
Suppose 5022927 - 861971 = 302*r. List the prime factors of r.
2, 83
Let h(i) = 81*i**3 - 5*i + 5. Let p be h(-3). Let d = p - -4138. List the prime factors of d.
3, 73
Let k(x) = 6*x - 61. Let a be k(-18). Let j = 242 - a. What are the prime factors of j?
3, 137
Let u = -25127 + 16563. Let r be u/10 - (-22)/55. What are the prime factors of ((-3)/2)/(12/r)?
107
Let l(v) = -3 + 45*v + 20 + 32*v - 88*v. List the prime factors of l(-15).
2, 7, 13
Let k(n) = 6*n**3 - 2*n - 1. Let q be k(-1). Let j(i) = -i**2 - 6*i - 6. Let m be j(q). What are the prime factors of (61 - m) + -3 + 2 + 2?
3, 7
Suppose 0 = 3*n - u - 46310, -n + 75*u - 72*u + 15426 = 0. List the prime factors of n.
2, 3, 31, 83
Let d(x) be the third derivative of -x**6/120 - x**5/15 - 5*x**4/6 - 13*x**3/6 - 3*x**2. What are the prime factors of d(-7)?
2, 137
Suppose 0*w + 13 = 5*w + 2*v, -5*w = -5*v - 20. Suppose 5*c = h - 20 - 1, w*c + 63 = 3*h. List the prime factors of h.
3, 7
Suppose 0 = -4*v - v + 3*v. Suppose -5*u